erivative of v**3/3 + 3*v**2 + 7*v + 4631. Let x = 1 + -10. Determine n(x).
34
Suppose 4*a + 72 = -3*y, -4*a + 5*y = -315 + 355. Let j(i) = -i**2 - i**3 + 25*i - 13*i**2 - 5 - 10*i - 2. Calculate j(a).
-7
Let x be (8 - 8/2)*(-6)/(-12). Suppose 3 = -s, x*g - 4*s - 2 = 2. Let z(r) = r**3 + 4*r**2 + 6*r + 5. Determine z(g).
-19
Let k = -68406 + 68406. Suppose -2*c - 14 = 4*b, 2*c - 4*b = c + 23. Let a(l) = -5*l + 2 + c*l + l. Calculate a(k).
2
Let k(h) be the first derivative of h**2/2 - h - 497. Suppose 5*w = -4 - 16. Give k(w).
-5
Let x(l) = -4*l**3 - 17 + 14*l + 5*l**3 - 2 - 22*l + 5*l**2. Determine x(-6).
-7
Let r(u) = u**3 + 2*u**2 - 4*u + 4. Let d be r(-3). Let n be 5*(-6)/((-30)/d). Let l(x) = -x**3 + 8*x**2 - 10*x + 10. Determine l(n).
-11
Let c(h) = 10*h + 136. Let b(p) = 9*p + 213. Let x(z) = -2*b(z) + 3*c(z). Calculate x(10).
102
Let g(y) be the second derivative of y**3 - y - 1/20*y**5 + 1/6*y**4 - 15 - 5/2*y**2. Determine g(4).
-13
Suppose -5*c - 4*s = -65, -5*c + 0*s + 55 = 2*s. Let r(z) = -4*z - 3 - 2*z + c + 11*z. Let v(a) = -3*a - 25. Let q be v(-7). Give r(q).
-14
Let y(r) = r**2 - 7*r + 1. Suppose -78*o + 86*o + 8 = 0. Let b be ((-366)/(-305))/(o/(-5)). Determine y(b).
-5
Suppose -6*z - 96 = 24. Let k be (2 - 1)*z/(-4). Let w(i) = -3*i + 10. Determine w(k).
-5
Let y(p) = -4*p**3 + p. Let v = 178 - 179. Let x be y(v). Let j(z) = z**2 - 5*z + 3. What is j(x)?
-3
Let i(f) = 7 + 2*f**2 + 877*f + 12 - 888*f - 3*f**2. What is i(-10)?
29
Suppose 0 = 15*w - 19 - 11. Let z(x) = 3562*x**w - 8 - 7*x - 3561*x**2 + x. What is z(9)?
19
Let f = -3968 - -3960. Let z(j) = j**3 + 4*j**2 - 28*j + 10. Determine z(f).
-22
Let b(k) = -1 - 618*k**2 + 6*k + 619*k**2 - 3. Give b(-7).
3
Let q(w) be the second derivative of -w**3 - 62*w**2 - 124*w + 1. Give q(-20).
-4
Let p(y) = 7*y**2 - 2*y + 10. Let g(q) = -30*q**2 + 54*q - 34. Let n(d) = -g(d) - 4*p(d). Calculate n(23).
-6
Let f(v) = 5*v**3 - 21 + 6*v**2 - 2*v**3 - 3*v - 2*v**3 + 15. Let r(h) = 103*h - 1860. Let z be r(18). What is f(z)?
12
Let l(y) = -107*y - 4. Let t be l(-2). Let q = t + -219. Let o(x) = -x**3 - 8*x**2 + 10*x + 2. What is o(q)?
-7
Let s(r) be the first derivative of -3*r**2 - 4*r + 3274. Let b = 9 - 14. What is s(b)?
26
Let j(p) = -62. Let r(v) = v - 77. Let m(x) = 5*j(x) - 4*r(x). Suppose -4*o + 3 - 19 = 0. What is m(o)?
14
Let f(h) = -3*h**3 - 7*h**2 - h - 1. Let m be 2/6*(-27)/3. Determine f(m).
20
Suppose 4*x - 14*i = -13*i + 15, 5*x - 3*i = 17. Let g(v) = -1 - 9*v**2 - 3*v**2 + x*v + 20*v**2 - 7*v**2. Calculate g(-3).
-4
Let p = -13337 + 13335. Let q(f) = -2*f**2 - 7*f - 7. Give q(p).
-1
Let m(t) be the second derivative of t**3/3 + 47*t**2/2 + 1042*t. What is m(-16)?
15
Let b(o) = -5 + o + 5 + 0. Let u be (-1260)/20 + (0 + -3 - 0). Let l be u/14 + (-30)/105. What is b(l)?
-5
Let d = -30080 + 30092. Let b(i) = i**3 - 14*i**2 + 21*i + 43. What is b(d)?
7
Let x be (67/(-3))/(5/(-15)). Let g = -548 - -475. Let z = g + x. Let l(o) = o**3 + 6*o**2 + 2*o + 5. Give l(z).
-7
Let c(j) = -j**3 + 2*j**2 + 4. Let v(m) = -2*m - 9. Let q be v(-6). Let b be c(q). Let h(f) = 11 - 22*f + f**2 + 35*f - 5 - 6*f. What is h(b)?
-4
Let t(o) = -10 - o - 769*o**3 + 388*o**3 - 4*o**2 + 382*o**3 + 3. Give t(4).
-11
Let f(h) = h**3 + 3*h**2 + h - 2. Let p(i) = i**3 + 19*i**2 - i - 21. Let u be p(-19). Calculate f(u).
0
Suppose -s = 4*f + 11, -2*s - 1 = -4*f + 9. Let o be -7 + (-5 - s) - 2. Let w(r) = r**3 + 7*r**2 - 4*r - 8. Calculate w(o).
20
Let h(a) = -59*a**3 + a - 26*a**3 - 9*a**2 - 35*a**3 + 12 + 119*a**3. Suppose 0*p + p + 3*u = -15, 5*p + 4*u = -53. Calculate h(p).
3
Suppose 12*k = 10*k + 408. Let x be k/20 + (-4)/(-5). Let v(f) = 2*f + 5*f - 5*f - 3*f - 626 + 639. Determine v(x).
2
Let u(o) = -2*o**2 - 12*o - 7. Suppose -b - 4*k = -6*k + 7, -1 = -k. Determine u(b).
3
Let g(q) = 14*q - 1. Let h(c) = 26*c - 3. Let j(o) = -o - 15. Let r be j(-17). Let u(v) = r*h(v) - 5*g(v). Calculate u(-1).
17
Let j(w) be the first derivative of 34*w**3/3 + 3*w**2/2 - w + 3610. Calculate j(1).
36
Let m(q) be the third derivative of q**6/120 - q**5/4 + q**4/12 - 13*q**3/3 + 125*q**2 - 2. Give m(15).
4
Let z = -9057 - -9072. Let s(a) = 6*a + 5. What is s(z)?
95
Let j(v) = 115*v + 3*v**2 - 119*v - 7*v**2. Suppose 228*b = 232*b - 12. What is j(b)?
-48
Let h(n) = 2*n**2 + 296 - 18*n**3 + n - 296. Let t(b) = b**3 - 3*b**2 - 15*b + 44. Let g be t(3). Determine h(g).
19
Let y = -28 + 38. Let v = y + -4. Suppose -5*r + 21 = -2*u, -5*r + 30 = -3*u + v. Let w(b) = 3*b + 2. Give w(r).
11
Let c(x) = 2*x + 75. Let i be c(-15). Let m(p) = -1 - i*p + 4 + 98*p - 49*p. Determine m(-9).
-33
Suppose -m + 4*d = m - 12, -3*m - 3*d = 0. Let x = -43 - -46. Let j(w) = -580 - 573 + 1153 - w**x - w. Calculate j(m).
-10
Let j(f) = -7*f - 1. Let s(x) = -10*x - 1. Let y(t) = 7*j(t) - 5*s(t). Let r(l) = -2*l**2 - 43*l + 24. Let d be r(-20). Suppose d = -4*o + 52. Determine y(o).
-10
Let g(y) = y**3 + y - 1. Let j(n) = 12*n + 7. Let f be j(-1). Let i(d) = 6*d**3 - 8*d**2 + 11*d + 1. Let u(o) = f*g(o) + i(o). What is u(7)?
-1
Let a(y) = y**2 + 7*y - 9. Let p = 2573 + -2582. Determine a(p).
9
Let r(s) = 7*s**2 - 9 + 5*s + 51*s**3 - 53*s**3 + s**3 + 2*s**3. What is r(-5)?
16
Let o(x) = -x**2 + x + 2. Let g(f) = -11*f**2 + 2*f**3 - 2*f**3 - 27 - 23*f + f**3. Let l be g(13). Suppose -4 = -l*j + 14*j. What is o(j)?
-4
Let g(b) = b**2 - 5*b - 7. Let u(r) be the second derivative of r**5/20 + 7*r**4/12 + 2*r**3/3 - 2*r**2 - 50*r + 2. Let w be u(-6). Determine g(w).
17
Let q be (-2)/(-5 + (-32)/(-6)). Let h(m) = m**2. Let g(p) = -1. Let r(d) = -5*g(d) - h(d). What is r(q)?
-31
Let s(z) = -2*z - 148825 + 13*z + 9*z**2 - z**3 + 148844 + 2*z**3. Determine s(-8).
-5
Let w(j) = -j**3 + 21*j**2 + 21*j + 25. Let c be w(22). Suppose 0 = 5*p + 25, c*p - p = 5*d - 10. Let v(u) = d*u + 4*u - 2*u - 6*u. Calculate v(-1).
4
Let v = 197 - 122. Let a(m) = 152*m - 85*m - v*m. Give a(-3).
24
Let l(y) = 2*y**3 + 3*y**2 - 2*y - 4. Let m(z) = z**3. Let u(v) = -l(v) - 3*m(v). Let d be u(-2). Let h = -34 + d. Let i(c) = c**2 + 6*c - 8. What is i(h)?
-8
Let r = -288 - -720. Let v = -441 + r. Let k(j) be the second derivative of j**5/20 + 2*j**4/3 - 11*j**3/6 - 3*j**2/2 - j. Calculate k(v).
15
Let a(h) = 9*h**3 + h**2 + h - 1. Let m = 75 + -68. Suppose 15*i = m*i + 8. Calculate a(i).
10
Let i = 370 - 413. Let v = -57 - i. Let l(j) = j**3 + 13*j**2 - 14*j + 10. Give l(v).
10
Let q(x) be the first derivative of -232 + 3/2*x**2 - 7*x. Determine q(5).
8
Let o(s) = 541*s - 1. Let u(h) = -758*h + 1. Let r(i) = 7*o(i) + 5*u(i). Suppose -20 = -5*j + 5*z, -5*j + 26 = -4*z + 6. Determine r(j).
-14
Suppose 0 = a - 5*o + 44, -2*o + 6*o = -2*a - 60. Let l = a + 58. Suppose -26*k = -32*k + l. Let n(i) = -2*i**2 + 7*i - 6. What is n(k)?
-10
Let o(a) be the second derivative of a**5/20 - a**4/4 + 7*a**3/6 - 5*a**2 + 2311*a. What is o(5)?
75
Let b(m) be the first derivative of -15/2*m**2 - m + 2. Calculate b(1).
-16
Let p(q) = q + 1. Let t be (-24)/(-5) + 18/90. Suppose t*o - 1 = 2*i, 2*i = 3*i + 2*o + 5. What is p(i)?
-2
Let d(p) be the second derivative of -p**5/20 - p**4/4 - p**3/6 - p**2/2 + p. Let z(y) = -3*y**3 + 46*y**2 - 11*y - 62. Let k be z(15). Calculate d(k).
-3
Suppose -409*c = 4*o - 408*c + 91, 0 = 3*o + 2*c + 77. Let f(t) = 2*t**2 + 40*t - 25. Determine f(o).
17
Let b(a) be the third derivative of -a**4/12 + 9*a**3/2 + a**2 + 3*a. Give b(5).
17
Let o(t) be the second derivative of -t**5/120 + t**4/3 - t**3 - 3*t. Let j(m) be the second derivative of o(m). Let x = -1331 + 1331. Calculate j(x).
8
Let y(t) = -2*t**3 - 1 - 16*t**3 - 2*t - t**2 - t**2. Let b = -5880 + 5879. What is y(b)?
17
Let t(q) be the second derivative of -7*q**6/120 + q**4/24 + q**2/2 - 2*q. Let g(v) be the first derivative of t(v). Let p = 20374 + -20375. Give g(p).
6
Let g(a) be the first derivative of 3*a**2 + 1/3*a**3 - 10*a + 14. Suppose 0 = -4*p + 9 + 3, 5*f - p = -38. What is g(f)?
-3
Let k(h) = 6*h. Let n(t) = t**2 - 11*t - 14. Let f be n(11). Let y be (-1 - 3/6*f) + -3. What is k(y)?
18
Let u(o) = o**3 + 5*o**2 - o. Suppose -6 = -4*x - 4*t + 18, -3*x - 2*t = -14. Suppose 3*y = p - 16, -5*y + x*y - 2*p = 13. Calculate u(y).
5
Suppose -1 = 3*s + j, 5 = -2*s + j + 6. Let y(n) = -n - 3 + s*n - n - 2*n*